alculate the greatest common factor of 9 and k.
9
Let u be (-99)/(-6) - 3/2. What is the greatest common divisor of u and 30?
15
Let v(y) = -13*y. Let g be v(-5). Let b = g - -10. Suppose -b = -s - 4*s. What is the highest common factor of s and 45?
15
Let m(o) = -23*o**3 - o**2 + 2*o + 2. Let z be m(-1). Calculate the highest common divisor of z and 242.
22
Let m(d) = 5*d**2 + d. Suppose -4*z = 4*b, b + 3*b = 2*z + 6. Let j be m(b). Suppose -4 = 7*q - 46. Calculate the greatest common divisor of j and q.
6
Suppose -5*a = -39 + 9. Calculate the greatest common factor of a and 3.
3
Let l = 319 + -207. What is the greatest common divisor of l and 16?
16
Let x be 2*2 + 74 + -12. What is the greatest common factor of 6 and x?
6
Suppose -52 = -n - n. Calculate the greatest common divisor of n and 13.
13
Suppose -4 - 12 = -l. Suppose -26 = -3*g + 4*q, 2*g - 2*q - 4 = 12. Suppose f - g - 2 = 0. Calculate the highest common divisor of l and f.
8
Suppose 0 = -4*z + 7 + 45. Calculate the highest common divisor of z and 52.
13
Let y = 13 + -9. Calculate the highest common divisor of 20 and y.
4
Suppose 0 = -2*t - 3*t. Suppose -3*g + 0 + 6 = t. Suppose -u - 2*u + 42 = 0. What is the highest common divisor of u and g?
2
Suppose 3*w + 2*h - 170 = 0, -5*h - 58 - 105 = -3*w. What is the highest common divisor of 7 and w?
7
Let u = 90 - 19. Suppose -4*p + 100 = -2*v, -5*v - 333 + u = 2*p. Let n be v/(-14) - (-8)/28. What is the greatest common divisor of 10 and n?
2
Let m be (-3)/((-9)/(-20))*-6. Let b be (-3)/6 - (-123)/6. What is the highest common divisor of m and b?
20
Let k(m) = 2*m - 4. Suppose 0 = -5*p + 25, -5*q + p = 3*p. Let t be q/5 - 96/(-15). Let v be k(t). What is the greatest common factor of 12 and v?
4
Suppose 16 = 3*y + y. Suppose -75 - 53 = -4*z. What is the greatest common divisor of y and z?
4
Let i be 15/(-10)*40/3. Let y be (0 - i) + 2 + -2. Calculate the greatest common divisor of y and 40.
20
Suppose 0 = 4*s - 7*s + 33. Calculate the greatest common factor of 121 and s.
11
Suppose 0 = 3*r - 6*r + 30. Let d be ((-30)/8)/5*-20. Calculate the highest common divisor of d and r.
5
Let s be -1*(-3)/3 - 2. Let w be (6*s)/((-2)/7). What is the greatest common divisor of 7 and w?
7
Let z be 8*((-5)/2)/(-5). Let w be 17 - (4 + 0/z). What is the greatest common divisor of 78 and w?
13
Let o be (0 + 1)/(7/(-14)). Let v be 10 + o/(3 + -1). Calculate the highest common factor of 9 and v.
9
Let c = -61 + 96. Let k be ((-1)/(-1))/(2/(-48)). Let t = c + k. Calculate the highest common divisor of t and 77.
11
Suppose -f + 31 - 3 = 4*l, 0 = 5*l - 20. Suppose -2 = 2*a - 4*a. Let y be a/(-2) - (-338)/4. Calculate the greatest common factor of y and f.
12
Let w be (7 + -1)/((-3)/(-4)). Let n be (-4)/(4/3) + 11. Calculate the greatest common divisor of w and n.
8
Suppose -11*c + 8*c + 270 = 0. Calculate the highest common factor of c and 18.
18
Suppose -27*k = -25*k - 32. Let i be 2/5 + 1914/15. What is the highest common factor of k and i?
16
Suppose -4*v + 8 = -44. Calculate the greatest common divisor of v and 117.
13
Let p = 0 - -3. Let c be (27/(-12))/((-4)/16). What is the greatest common divisor of p and c?
3
Let c = 218 + -65. Let y(m) be the third derivative of m**4/12 + m**3/2 - 7*m**2. Let l be y(7). Calculate the greatest common factor of l and c.
17
Let p = 0 - -6. What is the greatest common divisor of 48 and p?
6
Let u = 1 - -6. Let x(f) = f + 14. Let d be x(u). Calculate the greatest common factor of 189 and d.
21
Suppose -4*c - 3*k - 17 = -5*c, -66 = -5*c - 4*k. Let o = 5 + 0. Let v be (12/o)/((-6)/(-140)). What is the greatest common divisor of c and v?
14
Let f = 15 + -18. Let s be 28*5 + 0/f. Calculate the greatest common divisor of 56 and s.
28
Let x = -15 - -25. Let l be (30 - 2) + x/(-5). Let r = -90 + 129. Calculate the highest common divisor of r and l.
13
Let p(c) = 13*c**2 - 2*c - 7. Let f be p(-4). Suppose 2*v + 236 = 6*v. Let s = v - 40. Calculate the highest common divisor of f and s.
19
Let k = 94 - 54. Calculate the highest common divisor of 16 and k.
8
Let x(v) = v + 3. Let z be x(0). Suppose 0 = -7*n + z*n + 4. Let d(h) = -h + 7. Let w be d(0). What is the highest common divisor of n and w?
1
Suppose l - 2*z = 10, -14 = -9*l + 4*l + z. Let o(k) = -k**3 + 5*k**2 + 7*k - 4. Let t be o(6). Calculate the highest common factor of t and l.
2
Let u(y) = -y**2 + 4*y + 201. Let z be u(-12). Suppose 4*q + 5*a = q + 66, -138 = -5*q + a. What is the greatest common factor of z and q?
9
Suppose -3*o = o. Suppose o = -c - 0*y - y + 10, -2*c - 4*y + 30 = 0. What is the greatest common divisor of 45 and c?
5
Let k(h) = -197*h + 12. Let u be k(-4). Let d = 1563 + -1038. Let n = u - d. Calculate the greatest common divisor of 25 and n.
25
Let r(z) = z**3 + z**2 - z + 5. Let o be r(0). Let x(j) = j**3 + 7*j**2 + 5*j + 9. Let n be x(-6). Calculate the highest common factor of n and o.
5
Let r be (-1)/1*(-3)/1. Let d = r - 4. Let k be 2*(45/6 + d). Calculate the greatest common factor of k and 143.
13
Let t(v) = v**3 + v**2 + 2*v + 5. Let o be t(5). Let x = -43 + 44. Let n be (-1)/(0 - x/o). What is the highest common divisor of 15 and n?
15
Suppose -4*p + 4 + 272 = 4*a, -4*p + 5*a + 240 = 0. Calculate the greatest common factor of p and 26.
13
Let o(f) = 4*f**2 - 3*f - 1. Let c be o(-2). What is the greatest common factor of c and 105?
21
Let o(g) = -126*g - 27. Let z be o(-3). Calculate the highest common factor of 39 and z.
39
Suppose 3*j = -6*l + l + 37, 3*j - 5*l + 13 = 0. Suppose 0 = f - 3*f + j. What is the highest common divisor of f and 3?
1
Suppose -4*t + 5*c = -87, 2*t - 5*t + 70 = c. Calculate the highest common divisor of 115 and t.
23
Let t(x) = 2*x**3 - 2*x**2 + 1. Let h be t(3). What is the highest common divisor of h and 259?
37
Suppose 0 = 5*l - 4*v - 201, 3*v - 21 + 223 = 5*l. What is the highest common divisor of l and 451?
41
Let k be 3 + 0/1 + -2. Suppose k - 27 = -2*a. Calculate the highest common factor of a and 13.
13
Let h be 3/2*56/6. Calculate the greatest common factor of h and 98.
14
Let k be 66/1 - (-1 - -2). Suppose -v + 5*s = 2*s + 13, 4*v - 18 = -2*s. Suppose v*r = -20 + 46. Calculate the greatest common factor of k and r.
13
Suppose 4*r + 4*k + 4 = 0, 2*r - 15 - 1 = 4*k. Let q be -2 + (-1 - -2) + 10. Suppose 2*x - 17 + q = 0. Calculate the greatest common factor of r and x.
2
Suppose 3*w + 3*t = 21, -w = 2*w - 5*t - 37. Let y be 89/3 + w/27. What is the highest common factor of y and 75?
15
Suppose 14*g = 6*g + 576. What is the highest common factor of g and 8?
8
Suppose -4*s - 120 = -0*s. Let j = -14 - s. Let c(x) = 8*x - 8. Let d be c(6). What is the highest common factor of d and j?
8
Suppose -2*m = -i + 30, -i + 3*i - 52 = 2*m. What is the highest common divisor of i and 22?
22
Suppose 0*f - 4*w = -f - 16, 4*w = 5*f + 48. Let x be -16*(0 + 6/f). What is the greatest common factor of 6 and x?
6
Let k = -17 + 32. Let q = 3 - -12. What is the highest common divisor of q and k?
15
Let z be 5 + -3 + (-1 - -2). Let k(i) = 3*i + 1. Let o be k(z). Calculate the greatest common factor of 2 and o.
2
Let k(l) = -l**3 - 4*l**2 - l + 3. Let x be k(-4). What is the highest common divisor of x and 7?
7
Suppose -11 - 21 = -4*v. What is the highest common divisor of 4 and v?
4
Let o be (1/(-2))/((-11)/572). Let b = 267 + -189. What is the highest common factor of o and b?
26
Suppose -3*g + 32 = -3*f - 49, 2*g - 66 = -4*f. What is the highest common divisor of g and 232?
29
Let h(v) = 7*v - 28. Let u be h(6). Let n(p) = 2*p**2 - 6*p + 4. Let b be n(-6). Calculate the greatest common divisor of b and u.
14
Let c be (-372)/(-21)*(2 - 6/(-4)). What is the greatest common divisor of c and 31?
31
Suppose 8 = 2*a, -c + 0*c + 5*a = 16. Suppose -14 - 6 = -c*y. Let p(d) = 20*d. Let r be p(1). Calculate the greatest common divisor of r and y.
5
Let h = 6 - 2. Let j(v) = h + v - 3 + 11*v**2 + 2*v. Let a be j(-4). What is the greatest common factor of 15 and a?
15
Let x be -2 + (1 - 55) + 0. Let r = x - -111. Let n be 1 - (2 - 4*3). Calculate the greatest common factor of r and n.
11
Let g(s) = 2*s - 2. Let b be g(-4). Let l be (16/(-6))/(10/(-15)). Let x be 272/5 + l/b. Calculate the highest common factor of 18 and x.
18
Suppose -